+ 2*g = 6*g - 142. Suppose -193 + 68 = -5*j. Calculate the greatest common divisor of j and a.
25
Suppose -h - 2*n + 40 = h, 96 = 5*h + 3*n. Let i be 3*(-5)/((-15)/h). Let p(q) = 4*q + 6. Let x be p(3). What is the highest common divisor of i and x?
18
Let f(m) = m**2 - 3*m + 20. Let g be f(8). Let v = -19 + g. Suppose 2*p = -v + 185. What is the greatest common divisor of 8 and p?
8
Let g = 1110 + -894. What is the greatest common factor of 189 and g?
27
Suppose -810 = -5*f + 15*f. Let w = f - -84. Suppose 0*a = -2*a + 54. Calculate the highest common divisor of a and w.
3
Suppose -6*k = -3*k - 15. Let u(r) = -k*r + 0 + 8*r**2 - 4 + 3*r**2 + r**2. Let l be u(4). Calculate the highest common factor of l and 24.
24
Let v(c) = 24*c - 202. Let j be v(23). Calculate the highest common factor of 200 and j.
50
Suppose -4*y + 5*r + 687 = 140, -402 = -3*y + r. Calculate the highest common factor of y and 35.
7
Let q(h) = -h**3 - 25*h**2 + 56*h + 32. Let v be q(-28). What is the highest common divisor of 32 and v?
16
Let k(b) = 5*b - 2. Let t be k(3). Let x be (5 - -4) + 38 + 5. What is the greatest common divisor of t and x?
13
Suppose 5*k = -0*k - 15, 2*t + 3*k - 15 = 0. Suppose -t*o = -17*o + 145. Let f(r) = 10*r - 1. Let l be f(3). What is the greatest common factor of o and l?
29
Let f be 3 - 0/2 - 3. Suppose f = -0*a + 4*a - 72. Suppose 4*q - a + 6 = 0. Calculate the greatest common divisor of 27 and q.
3
Suppose j + 2*j = -5*n + 543, -3*n = -3*j + 519. What is the highest common factor of j and 48?
16
Let j(z) = -4*z + 3. Let l be j(-4). Let k = l + 6. Suppose 15 = -34*c + 37*c. What is the greatest common factor of k and c?
5
Suppose -93 = -3*m - 75. Calculate the highest common factor of 20 and m.
2
Suppose -q = 2*o - 800, -7*o + 794 = -5*o + 4*q. Let x = o + -247. Calculate the highest common divisor of x and 14.
14
Let m be -2 + 1 - (4 + -1)/(-3). Let n be -4*(m + (-2)/8) + 4. What is the highest common factor of 40 and n?
5
Suppose -i - 125 = -5*l, -3*l = -2*i - 114 + 32. Let x be l - (-5)/(25/(-10)). What is the highest common divisor of 242 and x?
22
Let k(x) = -2*x. Let g(d) = 3*d + 1. Let t(v) = -4*g(v) - 9*k(v). Suppose -33*m + 26*m = -28. Let f be t(m). Calculate the greatest common factor of 140 and f.
20
Suppose -3*b = -4*n - 308, 5*b - 4*n - n - 510 = 0. Let t(d) = d**3 + 4*d**2 - 11*d - 10. Let a be t(3). What is the highest common factor of b and a?
20
Let z(n) = -n**3 - 34*n**2 - 67*n + 16. Let l be z(-32). What is the greatest common divisor of 588 and l?
28
Let p = -17 + -1. Let v be (-186)/(-10) + p/(-45). What is the highest common divisor of 38 and v?
19
Let f = -86 + 82. Let v be (2/f)/((-19)/456). Calculate the highest common factor of v and 28.
4
Suppose 3*s - 7*x - 91 = -2*x, -4*s = 4*x - 68. Let k = -927 + 1125. What is the greatest common factor of k and s?
22
Let o = -429 + 455. Calculate the greatest common factor of o and 10.
2
Let d be ((-10)/(-6))/(105/1134). Let b(a) = a**3 - 3*a**2 - 2*a + 3. Let v be b(4). Let i = d - v. Calculate the greatest common factor of 1 and i.
1
Let l(h) be the third derivative of -h**4/12 - 2*h**3/3 + 6*h**2. Let i be l(-2). Suppose 4*d - 2*d - 18 = i. What is the highest common divisor of 45 and d?
9
Let r(k) = k**3 - 6*k**2 - 6*k + 1. Let t be r(7). Let q(u) = -t + 2*u - 5*u + 2*u - 7*u. Let a be q(-10). Calculate the greatest common divisor of 18 and a.
18
Suppose -110 = 5*i - 5*d, 2*d + 2 = -4. Let p = i - -20. Let f be (-1 - -6) + p + 1. Calculate the highest common factor of 3 and f.
1
Suppose 60 = -12*d + 7*d. Let m = d + 21. Let q = 0 + 81. Calculate the highest common factor of m and q.
9
Let g be (-2 - (-40)/15)*-3. Let w be (252/70)/(g/(-25)). Calculate the greatest common divisor of 10 and w.
5
Let l be 36/(-28) + 1 + 156/7. Calculate the greatest common factor of l and 242.
22
Suppose -5*g - 34 = -4*n + 19, -5*n + 65 = -5*g. Suppose -2*r = -4*y - 104, 0 = -r - 0*r + 5*y + 40. What is the highest common factor of r and n?
12
Let g(t) = 11*t - 58. Let i be g(6). Calculate the greatest common divisor of 14 and i.
2
Let o = -1305 + 720. Let v be ((o/12)/(-13))/(1/40). Calculate the highest common factor of v and 30.
30
Let t = -25 - -19. Let m = t + 15. Calculate the greatest common divisor of 45 and m.
9
Let t be (-5 - -6) + (-35)/(-1). Suppose -2*a - 9 - 23 = 0. Let c = t + a. What is the highest common divisor of 10 and c?
10
Suppose -4*j + 1 = 3*n, -5*n = -0*n - 2*j + 7. Let s = 1 - n. Calculate the greatest common divisor of s and 1.
1
Let s be 11350/200 + (-6)/8. Let z(f) = f**2 - 2*f + 6. Let q be z(4). What is the greatest common divisor of s and q?
14
Suppose -142*j + 136*j = -72. Calculate the highest common factor of j and 12.
12
Let c be -4 - (-48)/16*(-140)/(-6). Calculate the greatest common factor of 22 and c.
22
Suppose -557 = -2*p + 2*y - 93, -5*p = -3*y - 1164. What is the highest common factor of p and 26?
26
Let a = -34 + 91. Calculate the greatest common divisor of 57 and a.
57
Let t(n) = 118*n**2 + 1. Let b be t(-1). Suppose -4*j = -0*j + 48. Let r(v) = -v**2 - 13*v + 5. Let d be r(j). What is the greatest common divisor of b and d?
17
Let i(d) = -5*d + 187. Let t be i(37). Calculate the greatest common factor of 4 and t.
2
Suppose 4*v = -2*v + 144. Let g = 102 - 42. Calculate the greatest common factor of g and v.
12
Suppose 2*l = 58 + 2. Suppose 4*z = 58 + l. Calculate the highest common factor of z and 176.
22
Let n be (-11 + -3)/(2/(-64)). Calculate the greatest common factor of 28 and n.
28
Let j be (-6003)/(-54) + 15/18. What is the greatest common divisor of 280 and j?
56
Suppose 0*a + 5*a + 2*x = 136, 0 = -3*a + 2*x + 88. What is the highest common factor of 3668 and a?
28
Let c = -60 + 96. Let x be (2 - -16)*-4*(-1)/6. Calculate the highest common divisor of x and c.
12
Let q(u) = u**3 - 5*u**2 - 6*u + 2. Let a = 34 - 16. Suppose -4*z + z = -a. Let c be q(z). Calculate the highest common divisor of 2 and c.
2
Suppose 18 = 3*u - 213. Suppose 4*m = -2 + 38. Suppose 4*k + m = -j + 38, k = -5*j + 12. What is the greatest common divisor of u and k?
7
Suppose 10*y = 10*y - 11*y + 242. Suppose -2*s + 77 + 33 = 0. What is the greatest common divisor of y and s?
11
Let y(m) = m**2 + 430*m + 3379. Let p be y(-8). Suppose 7*h - 34 = -4*f + 2*h, 5*f + 5*h - 40 = 0. What is the greatest common divisor of f and p?
3
Suppose 440 = -12*n + 52*n. Calculate the greatest common factor of n and 781.
11
Suppose 5*g = 5*p - 15 + 80, -2*p + 76 = 4*g. What is the highest common factor of g and 1615?
17
Suppose -37*j + 8320 + 375 = 0. Calculate the highest common factor of j and 141.
47
Let w(u) = 78*u**2 + 11*u - 2. Let g be w(1). Suppose 2*a + t - 57 = 0, 5*t = 2*a - 4*a + 53. What is the greatest common divisor of a and g?
29
Let p = 56 - 32. Let g be ((-3)/(-6))/(1/p). Let l(n) = 35*n**2 + 1. Let d be l(1). What is the highest common factor of g and d?
12
Let l be (-117593)/(-140) + 20/400. Calculate the highest common factor of 14 and l.
14
Suppose -4*v - 3*d = -784 + 193, d = v - 146. Suppose 84 = 4*l + 4*w, 5*l + 2 = -w + 107. What is the highest common divisor of v and l?
21
Let w(j) = 2*j**2 + 13*j + 87. Let g be w(-5). Calculate the highest common factor of 1116 and g.
36
Let m be 4 + (-10)/((-40)/1844). What is the highest common divisor of m and 60?
15
Let q be ((-1872)/(-3) + -1)/1. Suppose 0 = 4*j + 223 - q. Let f be 24 - 5/(15/12). What is the highest common divisor of j and f?
20
Let s = 248 + 677. What is the highest common factor of s and 37?
37
Let g be (-1)/((-2380)/(-794) + -3). Suppose -1913 = -14*d + g. What is the highest common factor of 66 and d?
33
Let x = -26 + 18. Let l be 321/5 + x/(-10). What is the greatest common divisor of l and 13?
13
Let y(x) = -4*x**2 + 100*x - 29. Let l be y(22). Calculate the greatest common divisor of 329 and l.
47
Suppose -2*s - 3*s = -10, s = -z - 1322. Let v = 2046 + z. Suppose y + 2*o + v = 6*y, 0 = -5*y - 3*o + 717. What is the greatest common divisor of y and 16?
16
Let l(a) = a**2 - 2*a + 4. Let k be l(6). Suppose -22*m + 231 = -693. Calculate the greatest common divisor of m and k.
14
Let h be 0/(-4) + 2 + -33. Let r(u) = 7*u. Let o be r(-3). Let b = o - h. What is the greatest common factor of b and